-4404233
In base 15, what is -10933e - -1b?
-109323
In base 10, what is -7694869 - 0?
-7694869
In base 5, what is -20202 - 24214231?
-24234433
In base 15, what is -15b + -1e131c?
-1e1478
In base 7, what is 4213324 + -24?
4213300
In base 3, what is -102201121212 + -1020?
-102201200002
In base 8, what is -2352 - 126377?
-130751
In base 3, what is -110201122212020222 - 12?
-110201122212021011
In base 4, what is 13 - -1303120023002?
1303120023021
In base 12, what is 1087442 - 3b?
1087403
In base 9, what is -4808 - -2102?
-2706
In base 16, what is -777e25 - 4?
-777e29
In base 6, what is -2 + -1142522341?
-1142522343
In base 5, what is -1112 + 31200004?
31143342
In base 2, what is -1101110100000 + -1010001011000?
-10111111111000
In base 14, what is 7 + -ac6ba?
-ac6b3
In base 6, what is 113054042 - 3?
113054035
In base 2, what is 1010010100010111110000110 - 11?
1010010100010111110000011
In base 16, what is -151c7ff + -3?
-151c802
In base 5, what is -2043 + -1004?
-3102
In base 13, what is -559 - 9?
-565
In base 15, what is -5 + -b52b17e?
-b52b184
In base 7, what is 1454355435 + 4?
1454355442
In base 5, what is -1 - -102030122?
102030121
In base 2, what is -11011 + -10110100001110110000010?
-10110100001110110011101
In base 7, what is 225563120 + -4?
225563113
In base 9, what is 212866640 - -10?
212866650
In base 2, what is -101 + -101010101011110111110?
-101010101011111000011
In base 7, what is 415410 + 25232?
443642
In base 4, what is -11 - 2311021302011?
-2311021302022
In base 5, what is -31 - 21113414?
-21114000
In base 15, what is ee - 17d5c?
-17c5d
In base 3, what is 2 + 100212211020222?
100212211021001
In base 6, what is 4 - 340301540?
-340301532
In base 3, what is 1200110200112220 - -10?
1200110200120000
In base 7, what is -6242164 + -304?
-6242501
In base 16, what is 51 - 24638?
-245e7
In base 15, what is -2 - ab6343?
-ab6345
In base 7, what is 5 - 40055405?
-40055400
In base 6, what is -4 + -151543054?
-151543102
In base 13, what is -2 + -b16c16?
-b16c18
In base 8, what is 451151404 - 4?
451151400
In base 14, what is -28109 - -3b?
-280ac
In base 15, what is -92652c + 2?
-92652a
In base 11, what is -649545585 + -5?
-64954558a
In base 12, what is -22a5 - -454b?
2266
In base 11, what is 77a23 - -19aa?
79922
In base 3, what is 11110100 - 121100?
10212000
In base 4, what is -12 - -2302132011?
2302131333
In base 14, what is -2d - -140527?
1404d8
In base 15, what is 2ee1 - -8e00?
bde1
In base 11, what is 311 + -37563?
-37252
In base 5, what is 23 - 4101001223?
-4101001200
In base 6, what is 10435 - 4532?
1503
In base 16, what is -2b - 2da60?
-2da8b
In base 16, what is 2 + -cb802?
-cb800
In base 12, what is 14a81963 - 6?
14a81959
In base 3, what is -22 - 1022211212222?
-1022211220021
In base 15, what is -1013 + -ec32?
-10c45
In base 2, what is -1010100100010111 + -1101101001101?
-1100010001100100
In base 3, what is 12 - 22012221000010?
-22012220222221
In base 15, what is -4 - -1120a3e7?
1120a3e3
In base 5, what is 311 + 103313121?
103313432
In base 13, what is b89b + b91?
c75c
In base 10, what is -4 + 3417143?
3417139
In base 9, what is -10065 + -260217?
-270283
In base 14, what is 4 + -81011b7?
-81011b3
In base 9, what is -45 - -24756424?
24756368
In base 4, what is -2010210113 - -33220?
-2010110233
In base 2, what is 101111010011001110 - 1100?
101111010011000010
In base 10, what is -4 + 3558966?
3558962
In base 6, what is 5 + -130243100?
-130243051
In base 7, what is 16334634 + -24?
16334610
In base 15, what is 14ea96 - 6?
14ea90
In base 5, what is -31240 + 14441222?
14404432
In base 10, what is -182 - -20663?
20481
In base 6, what is 2544013423 - -3?
2544013430
In base 15, what is -bc + 56be3?
56b26
In base 5, what is 43 - 3203433?
-3203340
In base 8, what is -5162567 + 2?
-5162565
In base 12, what is -4a52a5 + -5?
-4a52aa
In base 2, what is 100000010000011110110100 + -11?
100000010000011110110001
In base 9, what is -7635743 + 1?
-7635742
In base 10, what is 2084049 - -6?
2084055
In base 8, what is -53310427 + -5?
-53310434
In base 10, what is 49068 + 1251?
50319
In base 8, what is -1 - 1660466036?
-1660466037
In base 2, what is 1111 + -10101011110110001001110?
-10101011110110000111111
In base 4, what is 1 + 1202023331220?
1202023331221
In base 6, what is 20513 + 1352?
22305
In base 14, what is 22 + -291bdb3?
-291bd91
In base 9, what is -177 + 102177?
102000
In base 10, what is -1372173 - 86?
-1372259
In base 4, what is -22 - 112321200313?
-112321201001
In base 3, what is -2011102222 + -1011222120?
-10100102112
In base 7, what is -5 + -64456454?
-64456462
In base 14, what is -7c1 - 8b45?
-9526
In base 2, what is -100 - 1101100111101110111101?
-1101100111101111000001
In base 11, what is 10a0 - 506?
695
In base 3, what is 12022021020020112 + -20?
12022021020020022
In base 10, what is 687489 + 187?
687676
In base 11, what is -1 + 25662a3?
25662a2
In base 3, what is -21020100 + 1200122?
-12112201
In base 4, what is -11322211 + -12112?
-12000323
In base 10, what is 752063 + 10?
752073
In base 10, what is -344 + 33078?
32734
In base 13, what is 4a + -32ba25?
-32b9a8
In base 8, what is 214 + -562664?
-562450
In base 9, what is 18 - -3852035?
3852054
In base 15, what is 32 - 37412?
-373d0
In base 4, what is 211111133 - -231323?
212003122
In base 3, what is -1220121221000 + 1022?
-1220121212201
In base 7, what is -14 - 14332035?
-14332052
In base 12, what is 4633a4 - -28?
463410
In base 5, what is 4 + 121031101411?
121031101420
In base 9, what is 5321616 - -20?
5321636
In base 15, what is -3e0 - 409a?
-448a
In base 13, what is b754ac0 + 3?
b754ac3
In base 4, what is 1122123221 - 112?
1122123103
In base 11, what is 2904 + -1280?
1634
In base 5, what is 31 + 212104330?
212104411
In base 8, what is 5 + -5710151?
-5710144
In base 15, what is 1b90dcdc - 3?
1b90dcd9
In base 9, what is 5 - -421804351?
421804356
In base 8, what is -22 + -430041267?
-430041311
In base 2, what is -10011100101111010011 - -1011011000?
-10011100100011111011
In base 14, what is 0 + 181d6835?
181d6835
In base 5, what is -300140434433 - 1?
-300140434434
In base 16, what is 1b + 39c40?
39c5b
In base 9, what is -70343685 - 24?
-70343720
In base 13, what is 0 + 178a01c?
178a01c
In base 12, what is -319 + -71a64?
-72181
In base 8, what is 4 - -53754415?
53754421
In base 12, what is 3 + 388398?
38839b
In base 2, what is 10 - 101010001011001000000101010?
-101010001011001000000101000
In base 12, what is -2a1968 + -47?
-2a19b3
In base 2, what is 101000111 + -111100101001011?
-111100000000100
In base 6, what is 1050343 + -22150?
1024153
In base 6, what is 520410430 + -5?
520410421
In base 13, what is -109ac + -a0c?
-116bb
In base 11, what is 8183186 + -2?
8183184
In base 4, what is 1001020012231 - -23?
1001020012320
In base 15, what is -2 - 5309?
-530b
In base 9, what is 205850765 - -2?
205850767
In base 2, what is -1000000100101111 - -10000100110100?
-101111111111011
In base 9, what is 883 + 133340?
134333
In base 12, what is 25702a74 - 0?
25702a74
In base 15, what is 5 - 6c747b1?
-6c747ab
In base 4, what is -200231223 + -2103123?
-203001012
In base 3, what is -102001 + 22012200102?
22012021101
In base 5, what is -112204220133 - -10?
-112204220123
In base 9, what is 1 - 86146082?
-86146081
In base 15, what is 13 + b9c4?
b9d7
In base 11, what is 2 - 65134a3?
-65134a1
In base 10, what is -1922103 + -14?
-1922117
In base 2, what is 101000111101010 + -110011000110?
100010100100100
In base 10, what is 0 - 5411592?
-5411592
In base 6, what is 13 - -240052135?
240052152
In base 7, what is 201315 + 126626?
331244
In base 4, what is -1121221123 - -100?
-1121221023
In base 12, what is -6342b07a + -1?
-6342b07b
In base 12, what is -5 + -341aa2b?
-341aa34
In base 11, what is -3 + -a7389262?
-a7389265
In base 16, what is -f + -26a02?
-26a11
In base 16, what is 3 - -9b162?
9b165
In base 5, what is -2223440221 - 10?
-2223440231
In base 13, what is 84 - -6a14ca?
6a1581
In base 4, what is -30223021 + -213?
-30223300
In base 4, what is 201 - -123201012?
123201213
In base 14, what is 4349c + -b?
43491
In base 13, what is 5 + -5456?
-5451
In base 4, what is -101112 + 31320220?
31213102
In base 10, what is 34 - 75957?
-75923
In base 4, what is 3201211030130 - 33?
3201211030031
In base 2, what is 100 + -111001000